 h = -t*h + 325. What is the tens digit of h?
6
Let a(q) = 3*q**3 - 14*q**2 + 29*q - 262. What is the tens digit of a(18)?
2
Let y = 208 - -1374. What is the units digit of y?
2
Suppose 0 = -183*p + 2307587 + 9576799. What is the tens digit of p?
4
What is the thousands digit of -6 - ((3 - 4850) + -6)?
4
Let s(w) = -3*w - 20. Let f be s(10). What is the units digit of 1436/(-10)*f/20?
9
Let d be (-256 - 4/(-1)) + -1. Let p be 366 + ((-16)/104 - 2/(-13)). Let o = d + p. What is the hundreds digit of o?
1
Let a(t) be the third derivative of t**6/120 - 7*t**5/20 - t**4/4 + 8*t**3 - 125*t**2. What is the tens digit of a(22)?
0
Let i(h) = -h + 367. Let p be (-172)/(-16)*(1 + 1 + 2). What is the hundreds digit of i(p)?
3
Let a(n) = 98*n**2 - 5*n - 6. Let t be a(-1). Suppose 5*g - 1258 = t. What is the hundreds digit of g?
2
Suppose 37*h = -52*h - 43*h + 290664. What is the tens digit of h?
0
Suppose -5*c - 5*r - 4824 = -614, 4*c + 3368 = 5*r. What is the hundreds digit of c*3/(-15) - (-10)/(-25)?
1
Suppose 4*l = 9 + 3. Suppose -61 = k - l*h, k + 3*h + 48 + 25 = 0. Let u = 39 - k. What is the tens digit of u?
0
Let m = -5757 - -2817. Let d = -1725 - m. What is the hundreds digit of d?
2
Let g(m) = 113*m**2 + 195*m - 92. What is the thousands digit of g(15)?
8
Let w(u) = -2*u + 3. Let d(c) = -3*c + 4. Let t(o) = 5*d(o) - 7*w(o). Let p be t(-5). Suppose p*y - 91 = 153. What is the tens digit of y?
6
Let v = 373 + -47. Let b = v + -146. What is the hundreds digit of b?
1
Let a(o) = -o**3 - 18*o**2 + 3*o + 65. Let x be a(-18). Suppose x*i = 4*i + 217. What is the tens digit of i?
3
Let a be (-4)/((-20)/35) + -4. Let y be (-6)/(-9) + (-2)/a. Suppose -3*q + 2*q + 80 = y. What is the tens digit of q?
8
Let j(r) = r**3 + 6*r**2 + 6*r - 3. Let g be j(-5). Let q(t) = 12 + 2 - 14*t + 16. What is the units digit of q(g)?
2
Suppose 9*q = 2*v + 12*q - 25386, 5*q + 50772 = 4*v. What is the hundreds digit of v?
6
Let q(r) = -r**3 + 12*r**2 - 25*r. Let l be q(10). Let n = l - -55. Suppose 2*o + 21 = 2*f - 19, 61 = 2*f + n*o. What is the units digit of f?
3
Let p(u) = 1059*u**2 + 172*u + 498. What is the hundreds digit of p(-7)?
1
Let a(u) = 120*u**3 - 9*u**2 + 12*u - 53. What is the units digit of a(6)?
5
Let m(g) = -7*g**2 + 1 + 2*g**3 + 0*g**2 + 7 - g**3 + 3*g. Suppose 3*u - 11 = 10. What is the tens digit of m(u)?
2
Let k(p) = -p + 10. Let u be k(1). What is the units digit of 45/(-1)*3*(-1)/u?
5
Suppose -14347 - 26673 = -25*q + 13130. What is the hundreds digit of q?
1
Let c be ((-3)/4 + (-68)/(-48))*3. What is the units digit of 626/c*(-3 + 0 - -4)?
3
Let g = -13359 - -24555. What is the units digit of g?
6
Suppose -512*y = -510*y + d - 18136, -5*y - d + 45346 = 0. What is the tens digit of y?
7
Let b(a) = 2*a**2 - 21*a - 15. Let p be b(7). Let x = p - -411. What is the hundreds digit of x?
3
Suppose 2*f - 30 = -36. Let q be (50 + -5)/(6/28). What is the units digit of 2/f*q/(-20)?
7
Suppose -7*g - 5 = -12*g. Let a(m) = 244*m + 1. What is the units digit of a(g)?
5
What is the hundreds digit of 12*(-11 - 7179/(-9))?
4
What is the units digit of (-2)/4*29/58 + 334600/32?
6
Let v be (210/49)/((-2)/(-14)). Let o = v + 100. Suppose -13*w + 12*w = -o. What is the hundreds digit of w?
1
Let d = 423 - 417. Suppose -d*z + 924 = -888. What is the hundreds digit of z?
3
What is the units digit of ((-12)/(-21) - 340/(-42))*(862 - 10)?
4
Suppose -3*q + q + 8 = -4*b, -q + 3*b = -5. Suppose 3*d = -q*d + 3*d. Suppose -4*f - 3*r = -18, 0 = 5*f - d*f + 2*r - 19. What is the units digit of f?
3
Let f = 5182 + -1869. What is the tens digit of f?
1
Let p = 8714 - 66. Suppose -65*r + p = -57*r. What is the units digit of r?
1
Let d = -8637 + 15197. Suppose -7*g + d = -2*g. What is the tens digit of g?
1
Let z(x) = 2242*x**2 - 78*x + 220. What is the tens digit of z(5)?
8
Let v(p) = -4*p**2 + p. Let t be v(-4). Let b(d) = -3*d**2 + 41*d - 42. Let i be b(1). What is the tens digit of 5 + i + (2 - (-3 + t))?
7
Let w be ((-1)/2)/(2/4) - 3. Let v be 6/2 - (-4)/w. What is the units digit of 1282/8 - (18/8 - v)?
0
Suppose -5*u - 3*w = -96257, -u - 5*w = -10*w - 19229. What is the ten thousands digit of u?
1
Suppose 3*i - 174 = 456. Suppose 0 = -5*r + 10, r + 2 = 2*v - 2. Suppose -v*m + i = x, x = -x. What is the units digit of m?
0
Let p(l) = 17*l**2 - 31*l - 702. What is the tens digit of p(43)?
9
Let i = 1548 - -2114. What is the tens digit of i?
6
Let z be (-7)/(-14) - (-4 - 18/(-4)). Suppose 32*m - 7743 - 30753 = z. What is the thousands digit of m?
1
Let d = 797 + 901. Let b = d + -743. What is the units digit of b?
5
Suppose 2*u - 3*b - 1593 = 0, -4*u + 3189 = -8*b + 3*b. Let d = u + -337. What is the tens digit of ((-8)/(-5))/(d/(-155) + 3)?
4
Let s = -1965 - -3257. What is the hundreds digit of s?
2
Suppose 0 = 14*j - 54 - 16. What is the hundreds digit of (2 - j - (-2167)/22)*10?
9
Let d(q) = -10*q**3 - 10*q**2 + 7*q + 1297. Let g(b) = -3*b**3 - 3*b**2 + 2*b + 432. Let u(l) = -2*d(l) + 7*g(l). What is the units digit of u(0)?
0
Let i(v) be the second derivative of -1/20*v**5 - 30*v + 5/6*v**3 - 3/4*v**4 + 13/2*v**2 + 0. What is the units digit of i(-10)?
3
Let c be -49 + 16 - (-1 + 2). Let r = 63 + c. Suppose 57 = y - r. What is the tens digit of y?
8
Let a = 22038 + -12528. What is the tens digit of a?
1
Let s = -59 - -59. Suppose v + 2 - 11 = s. Suppose -7 = -4*t + v. What is the units digit of t?
4
Let w be (-430)/129*(-3)/2. Suppose 4*b = w*n + 2634, -32*b + 4*n = -29*b - 1976. What is the tens digit of b?
5
Suppose -17*x + 120073 + 163611 = 92349. What is the units digit of x?
5
Suppose j - 11 = 5*v - 7*v, -3*v - 3*j + 24 = 0. Suppose 4*m = 4*k - 6*k + 802, -v*k + 1207 = 5*m. What is the tens digit of k?
0
Let q(o) = 130 - 131 + 223 - 21*o. What is the units digit of q(-18)?
0
Suppose -5*w = 4*h - 0*h, -4*w - 5*h = 9. Let q(x) = 17*x**2 - 15*x - 19. What is the tens digit of q(w)?
9
Let f = -49 + 59. Suppose -f*d - 3400 = -15*d. Suppose 0 = 5*p - t - d, 3*t = -t. What is the tens digit of p?
3
Suppose -113*r = -2150209 + 44228. What is the thousands digit of r?
8
Let b(n) = n**3 - 7*n**2 - 10*n + 20. Let p be b(8). Suppose r + 0*o = p*o + 340, 4*r - 4*o = 1348. Suppose -6*y + r = -0*y. What is the units digit of y?
6
Suppose -30 + 14 = -8*z. Suppose 3*u - 4*l = 2177, z*l = -11 + 1. What is the units digit of u?
9
Let v be 12/(-36)*(1 + -19)/(-1). What is the hundreds digit of 685*(-30)/(-75)*(-3)/v?
1
Let b = 730 - 730. Suppose -i - 3*q = -8*q - 950, b = 5*i - 4*q - 4792. What is the units digit of i?
0
Let u = 34167 + -19559. What is the ten thousands digit of u?
1
What is the thousands digit of (-21)/(-5) + -4 + (-79829)/(-5) + 2?
5
Let v = -3174 - -9175. What is the hundreds digit of v?
0
Suppose w - 4 = l - 2*w, -2*l + w - 3 = 0. Let y be l*(-5)/15*24. Suppose 4*u = -y, 0 = -2*i - i - 5*u + 104. What is the units digit of i?
8
Let p(a) = -a**3 - 10*a**2 + 23*a - 1198. What is the tens digit of p(-28)?
7
Let f(i) = i**3 + 8*i**2 + 4*i + 7. Let d be f(-8). Let o = 27 + d. Suppose 3*b - b = o. What is the units digit of b?
1
Let f = -14870 + 25777. What is the thousands digit of f?
0
Let u(c) = -15*c**2 + 25*c + 17. Let s(q) = 8*q**2 - 13*q - 8. Let d(z) = -5*s(z) - 3*u(z). Suppose 3*k - 44 = -23. What is the hundreds digit of d(k)?
1
Let r(p) = -3*p**2 + p - 5. Let o(f) = 15*f**2 - 4*f + 24. Suppose 0 = 4*z - 7*z - 6. Let u(x) = z*o(x) - 11*r(x). What is the units digit of u(6)?
7
Suppose 3*o - 5*r + 4*r = 1075, -5*r - 1775 = -5*o. Suppose 7*m - o - 1173 = 0. What is the units digit of m?
9
Let p be 18/(3/(-3))*256/8. Let d = p - -1004. What is the tens digit of d?
2
Suppose 270 = -0*k + 3*k. Let w(m) = m**2 - 19*m + 75. Let j be w(23). Let n = j - k. What is the units digit of n?
7
Let j = -603 + 605. Let u(r) = 65*r + 10. Let i(c) = 97*c + 15. Let w(l) = -5*i(l) + 8*u(l). What is the units digit of w(j)?
5
Let w = -39983 - -85232. What is the hundreds digit of w?
2
Let k = -12945 + 26396. What is the thousands digit of k?
3
Suppose 3*i - b - 298 = 0, 1 = -4*b + 21. Suppose 0 = l - i - 6. What is the tens digit of l - (2 - 0)*1?
0
Let l be (2/3)/((-82)/41)*-36. What is the hundreds digit of 21/12 - 2 - (-7827)/l?
6
Let l = 12 + -10. Let m(p) = p + 2 - 8*p**2 - l*p + 3